 3816527?
True
Is 84867024 a multiple of 3216?
True
Does 356 divide 1464450281?
False
Is 343 a factor of 667357173?
False
Is 1097 a factor of 17287590?
False
Is 40 a factor of 42439080?
True
Is 23 a factor of 534938401?
False
Does 5546 divide 3008192323?
False
Does 176 divide 365108832?
True
Does 26 divide 377572?
True
Is 15 a factor of 208243620?
True
Is 5008 a factor of 1041909392?
True
Does 628 divide 19543522?
False
Does 857 divide 327787885?
False
Is 5444292 a multiple of 196?
True
Is 56 a factor of 12267290?
False
Does 62 divide 586298598?
True
Is 766074877 a multiple of 16?
False
Does 219 divide 1097561?
False
Is 434 a factor of 1080509311?
False
Is 7880400 a multiple of 134?
False
Is 70306083 a multiple of 419?
False
Is 850257870 a multiple of 14?
True
Is 7332 a factor of 685014096?
True
Is 77 a factor of 70053939?
False
Is 8758349 a multiple of 2?
False
Does 9494 divide 1677874620?
True
Does 480 divide 179461265?
False
Is 3948 a factor of 1238598144?
True
Is 115742740 a multiple of 6?
False
Does 1164 divide 71249232?
False
Is 19095828 a multiple of 12?
True
Is 799 a factor of 17400622?
True
Is 84558089 a multiple of 78?
False
Does 1028 divide 379763760?
True
Does 67 divide 127836134?
True
Is 19289064 a multiple of 106?
False
Is 19685713 a multiple of 291?
False
Does 416 divide 1360715616?
True
Does 16 divide 38901553?
False
Is 1458244755 a multiple of 27?
True
Is 53 a factor of 105675254?
False
Is 11 a factor of 56851355?
True
Is 426 a factor of 26471214?
True
Is 58 a factor of 746358058?
False
Does 46 divide 19462140?
True
Is 2078329143 a multiple of 47?
True
Is 1783865457 a multiple of 99?
True
Is 620313936 a multiple of 132?
True
Is 97 a factor of 255405850?
True
Does 3954 divide 1556626536?
True
Does 4354 divide 580658148?
True
Is 9783 a factor of 1711222794?
True
Is 755521609 a multiple of 59?
True
Does 2574 divide 77670450?
True
Is 46 a factor of 1245605610?
False
Is 11204 a factor of 3696419118?
False
Does 247 divide 2130375?
True
Does 543 divide 106096227?
True
Does 320 divide 13504320?
True
Is 13 a factor of 482072105?
False
Does 641 divide 449325610?
False
Is 11 a factor of 274091?
False
Does 8 divide 12642806?
False
Is 51 a factor of 1657602?
True
Is 5570 a factor of 1971780?
True
Does 45 divide 4393620?
True
Does 19 divide 6093205?
True
Is 21136973 even?
False
Is 151 a factor of 1972709904?
True
Is 81 a factor of 4668315120?
True
Is 10 a factor of 79474910?
True
Is 8 a factor of 225494704?
True
Does 28 divide 56709688?
True
Is 202182212 a multiple of 4?
True
Does 1301 divide 83857107?
False
Is 71131648 a multiple of 256?
True
Is 209 a factor of 18897107?
False
Is 66 a factor of 311022961?
False
Is 158 a factor of 275689144?
True
Does 19 divide 135567632?
False
Is 36 a factor of 2745713916?
True
Is 1418 a factor of 164724806?
True
Is 23895213 a multiple of 1206?
False
Is 19349384 a multiple of 18?
False
Is 4874115 a multiple of 197?
False
Is 313384175 a multiple of 14?
False
Is 8 a factor of 18565275?
False
Is 13 a factor of 137183554?
False
Does 806 divide 1070485676?
True
Is 765 a factor of 9220015?
False
Is 11 a factor of 9000029?
False
Is 8 a factor of 5146808?
True
Does 64 divide 148777280?
True
Does 47 divide 93649286?
True
Is 2729 a factor of 246486893?
False
Does 65 divide 385217365?
True
Does 68 divide 74407522?
False
Is 29 a factor of 35712775?
True
Is 76 a factor of 23756692?
False
Is 65907869 a multiple of 12?
False
Is 12 a factor of 1089643608?
True
Is 495205316 a multiple of 4?
True
Does 49 divide 86044245?
True
Is 37 a factor of 676580631?
True
Is 2166745 a multiple of 1551?
False
Is 208086429 a multiple of 258?
False
Does 41 divide 64820878?
False
Does 254 divide 26596548?
False
Is 3977184 a multiple of 96?
True
Does 306 divide 49079646?
True
Is 74 a factor of 1417647168?
False
Does 13 divide 6994585?
True
Is 5276263 a multiple of 64?
False
Does 15 divide 363630?
True
Is 14867166 a multiple of 9?
False
Does 15 divide 94072784?
False
Is 481436231 a multiple of 3?
False
Is 395698254 a multiple of 42?
True
Does 20 divide 174844764?
False
Does 65 divide 185871348?
False
Does 37 divide 12825851?
False
Is 3255 a factor of 145084821?
False
Is 1237522944 a multiple of 147?
False
Is 324136978 a multiple of 22?
True
Is 15 a factor of 8125770?
True
Does 9 divide 2570409?
True
Is 65 a factor of 36524693?
False
Is 319986607 a multiple of 78?
False
Is 391818510 a multiple of 59?
False
Does 293 divide 1274101623?
False
Is 184 a factor of 41079104?
True
Does 36 divide 35347419?
False
Does 166 divide 13998614?
True
Does 58 divide 466214846?
True
Is 1776 a factor of 62199072?
True
Does 798 divide 22742078?
False
Is 150 a factor of 5247585?
False
Does 46 divide 1707478181?
False
Is 483 a factor of 147995547?
True
Does 968 divide 156618528?
True
Is 980863332 a multiple of 417?
False
Is 4372 a factor of 1388726452?
True
Is 50704740 a multiple of 2580?
True
Does 178 divide 659011103?
False
Does 39 divide 488872761?
True
Is 385558034 a multiple of 1102?
False
Does 7 divide 9327372?
False
Is 3321568 a multiple of 32?
True
Is 286 a factor of 117743054?
True
Is 596 a factor of 424409708?
False
Is 427 a factor of 87946201?
True
Is 448043 a multiple of 6?
False
Does 1001 divide 45642188?
False
Is 52 a factor of 11268001?
False
Is 235 a factor of 2783927735?
True
Does 36 divide 206701776?
True
Is 119 a factor of 545544909?
True
Is 33704411 a multiple of 539?
False
Does 12 divide 595746384?
True
Is 7423740 a multiple of 180?
True
Is 11935170 a multiple of 162?
False
Is 104825916 a multiple of 15?
False
Is 30558264 a multiple of 2648?
False
Does 665 divide 268063495?
True
Is 411405163 a multiple of 367?
False
Does 92 divide 1654248596?
True
Is 11 a factor of 877397694?
False
Is 6796081 a multiple of 3?
False
Is 1672 a factor of 1579290944?
True
Is 2696285 a multiple of 2?
False
Is 36776576 a multiple of 64?
True
Does 56 divide 37755039?
False
Does 33 divide 11699417?
False
Is 7 a factor of 1659345884?
True
Is 18744460 a multiple of 28?
True
Is 510362238 a multiple of 1532?
False
Is 250190553 a multiple of 15?
False
Is 7 a factor of 233663059?
True
Is 72 a factor of 129847680?
True
Does 2291 divide 65144585?
True
Is 19 a factor of 133280725?
True
Is 1012 a factor of 1606340516?
True
Does 36 divide 262613388?
False
Does 9 divide 538374996?
True
Does 493 divide 271513487?
False
Is 7058870 a multiple of 16?
False
Is 2554809 a multiple of 433?
False
Is 72 a factor of 8325208?
False
Is 36848062 a multiple of 79?
False
Is 5 a factor of 155364537?
False
Does 27 divide 529292?
False
Does 169 divide 60281793?
True
Is 75 a factor of 1308820?
False
Is 509 a factor of 147964524?
False
Does 158 divide 709171466?
True
Is 32 a factor of 34454648?
False
Does 1038 divide 105964230?
True
Is 112853070 a multiple of 22?
True
Is 330570162 a multiple of 2993?
False
Is 796936236 a multiple of 12?
True
Is 90518805 a multiple of 418?
False
Is 65 a factor of 89223193?
False
Does 116 divide 9769520?
True
Does 128 divide 301364044?
False
Is 376919814 a multiple of 69?
True
Is 6 a factor of 231963250?
False
Is 62 a factor of 61401142?
True
Is 52 a factor of 264210076?
True
Is 12008924 a multiple of 13?
False
Is 308868703 a multiple of 4927?
True
Is 88695033 a multiple of 21?
True
Is 3367525800 a multiple of 30?
True
Does 115 divide 34267585?
True
Is 10 a factor of 15480624?
False
Does 171 divide 257017104?
True
Is 364250154 a multiple of 470?
False
Does 7 divide 27202040?
False
Is 19071724 a multiple of 898?
True
Does 624 divide 159143712?
True
Is 31403358 a multiple of 18?
True
Does 3 divide 10247651?
False
Is 11 a factor of 450256862?
True
Is 429 a factor of 101037651?
True
Does 199 divide 192067835?
True
Does 55 divide 105763556?
False
Does 927 divide 45960660?
True
Is 195 a factor of 273382785?
True
Does 1450 divide 171877371?
False
Does 1434 divide 408718680?
True
Does 42 divide 19854492?
True
Is 113 a factor of 102729297?
False
Is 27 a factor of 1633679258?
False
Is 183726225 a multiple of 4131?
True
Is 18 a factor of 38768582?
False
Is 5601308328 a multiple of 88?
True
Is 8 a factor of 209445885?
False
Does 163 divide 413284218?
True
Is 40 a factor of 182484600?
True
Does 44 divide 1273404?
True
Does 7 divide 883505801?
False
Does 129 divide 578003463?
Tru